when 230 is divided by 26.
22
What is the remainder when 866 is divided by 848?
18
Calculate the remainder when 20 is divided by 11.
9
Calculate the remainder when 175 is divided by 15.
10
What is the remainder when 934 is divided by 26?
24
Calculate the remainder when 310 is divided by 13.
11
What is the remainder when 665 is divided by 181?
122
Calculate the remainder when 1195 is divided by 148.
11
Calculate the remainder when 431 is divided by 36.
35
Calculate the remainder when 2747 is divided by 21.
17
Calculate the remainder when 213 is divided by 60.
33
What is the remainder when 234 is divided by 80?
74
What is the remainder when 57658 is divided by 109?
106
Calculate the remainder when 1890 is divided by 613.
51
What is the remainder when 38 is divided by 16?
6
Calculate the remainder when 4540 is divided by 1132.
12
What is the remainder when 777 is divided by 159?
141
Calculate the remainder when 248 is divided by 110.
28
What is the remainder when 264 is divided by 5?
4
Calculate the remainder when 12064 is divided by 149.
144
Calculate the remainder when 1846 is divided by 232.
222
What is the remainder when 262 is divided by 44?
42
What is the remainder when 27 is divided by 18?
9
Calculate the remainder when 296 is divided by 23.
20
Calculate the remainder when 10842 is divided by 15.
12
Calculate the remainder when 816 is divided by 217.
165
What is the remainder when 475 is divided by 58?
11
Calculate the remainder when 111 is divided by 31.
18
What is the remainder when 159 is divided by 54?
51
Calculate the remainder when 3980 is divided by 83.
79
Calculate the remainder when 2292 is divided by 255.
252
What is the remainder when 439 is divided by 30?
19
What is the remainder when 7466 is divided by 267?
257
What is the remainder when 414 is divided by 104?
102
What is the remainder when 580 is divided by 83?
82
Calculate the remainder when 155 is divided by 45.
20
Calculate the remainder when 167 is divided by 28.
27
What is the remainder when 67 is divided by 6?
1
Calculate the remainder when 5264 is divided by 81.
80
Calculate the remainder when 436 is divided by 13.
7
Calculate the remainder when 3260 is divided by 217.
5
Calculate the remainder when 194 is divided by 47.
6
Calculate the remainder when 1840 is divided by 41.
36
What is the remainder when 206 is divided by 4?
2
Calculate the remainder when 658 is divided by 51.
46
What is the remainder when 772 is divided by 253?
13
Calculate the remainder when 3362 is divided by 9.
5
What is the remainder when 41 is divided by 13?
2
What is the remainder when 31 is divided by 8?
7
What is the remainder when 3163 is divided by 96?
91
What is the remainder when 803 is divided by 35?
33
Calculate the remainder when 130 is divided by 38.
16
What is the remainder when 3496 is divided by 316?
20
Calculate the remainder when 80 is divided by 8.
0
Calculate the remainder when 252 is divided by 60.
12
Calculate the remainder when 143 is divided by 49.
45
What is the remainder when 758 is divided by 11?
10
What is the remainder when 78 is divided by 14?
8
What is the remainder when 41 is divided by 21?
20
What is the remainder when 1573 is divided by 263?
258
Calculate the remainder when 249 is divided by 191.
58
Calculate the remainder when 180 is divided by 28.
12
Calculate the remainder when 686 is divided by 210.
56
Calculate the remainder when 31 is divided by 18.
13
Calculate the remainder when 673 is divided by 364.
309
Calculate the remainder when 2900 is divided by 269.
210
What is the remainder when 185 is divided by 82?
21
Calculate the remainder when 150 is divided by 31.
26
What is the remainder when 214 is divided by 103?
8
What is the remainder when 4323 is divided by 50?
23
Calculate the remainder when 395 is divided by 12.
11
Calculate the remainder when 111 is divided by 10.
1
Calculate the remainder when 204 is divided by 68.
0
Calculate the remainder when 467 is divided by 107.
39
Calculate the remainder when 13101 is divided by 117.
114
What is the remainder when 670 is divided by 135?
130
Calculate the remainder when 251 is divided by 95.
61
What is the remainder when 384 is divided by 70?
34
Calculate the remainder when 414 is divided by 8.
6
Calculate the remainder when 164 is divided by 29.
19
What is the remainder when 79 is divided by 28?
23
Calculate the remainder when 73 is divided by 57.
16
What is the remainder when 275 is divided by 262?
13
What is the remainder when 710 is divided by 89?
87
What is the remainder when 2695 is divided by 58?
27
What is the remainder when 169 is divided by 15?
4
What is the remainder when 216 is divided by 48?
24
Calculate the remainder when 608 is divided by 144.
32
What is the remainder when 119 is divided by 33?
20
What is the remainder when 29 is divided by 16?
13
What is the remainder when 863 is divided by 174?
167
Calculate the remainder when 26 is divided by 14.
12
What is the remainder when 194 is divided by 123?
71
Calculate the remainder when 180 is divided by 82.
16
What is the remainder when 144 is divided by 75?
69
Calculate the remainder when 193 is divided by 25.
18
What is the remainder when 928 is divided by 156?
148
Calculate the remainder when 345 is divided by 58.
55
Calculate the remainder when 2980 is divided by 986.
22
Calculate the remainder when 463 is divided by 15.
13
What is the remainder when 2070 is divided by 515?
10
What is the remainder when 719 is divided by 101?
12
What is the remainder when 156 is divided by 32?
28
What is the remainder when 33 is divided by 26?
7
What is the remainder when 2145 is divided by 1072?
1
Calculate the remainder when 108 is divided by 102.
6
What is the remainder when 91 is divided by 85?
6
Calculate the remainder when 376 is divided by 7.
5
What is the remainder when 123 is divided by 32?
27
Calculate the remainder when 186 is divided by 32.
26
What is the remainder when 120 is divided by 28?
8
Calculate the remainder when 3958 is divided by 11.
9
Calculate the remainder when 317 is divided by 13.
5
What is the remainder when 443 is divided by 426?
17
Calculate the remainder when 62 is divided by 29.
4
Calculate the remainder when 519 is divided by 87.
84
What is the remainder when 3014 is divided by 90?
44
What is the remainder when 244 is divided by 69?
37
Calculate the remainder when 394 is divided by 99.
97
Calculate the remainder when 554 is divided by 64.
42
What is the remainder when 386 is divided by 80?
66
Calculate the remainder when 49 is divided by 48.
1
What is the remainder when 174 is divided by 89?
85
What is the remainder when 284 is divided by 40?
4
Calculate the remainder when 409 is divided by 83.
77
Calculate the remainder when 325 is divided by 10.
5
Calculate the remainder when 1293 is divided by 129.
3
What is the remainder when 381 is divided by 126?
3
Calculate the remainder when 542 is divided by 108.
2
Calculate the remainder when 114 is divided by 35.
9
What is the remainder when 49 is divided by 34?
15
Calculate the remainder when 88 is divided by 59.
29
What is the remainder when 1041 is divided by 115?
6
What is the remainder when 369 is divided by 43?
25
What is the remainder when 274 is divided by 110?
54
Calculate the remainder when 12981 is divided by 35.
31
What is the remainder when 7414 is divided by 18?
16
Calculate the remainder when 256 is divided by 58.
24
Calculate the remainder when 13274 is divided by 225.
224
Calculate the remainder when 417 is divided by 67.
15
What is the remainder when 221 is divided by 16?
13
Calculate the remainder when 858 is divided by 3.
0
What is the remainder when 2510 is divided by 602?
102
What is the remainder when 847 is divided by 275?
22
Calculate the remainder when 121 is divided by 13.
4
Calculate the remainder when 747 is divided by 154.
131
Calculate the remainder when 4156 is divided by 181.
174
Calculate the remainder when 217 is divided by 48.
25
What is the remainder when 2938 is divided by 46?
40
Calculate the remainder when 342 is divided by 20.
2
What is the remainder when 2582 is divided by 184?
6
What is the remainder when 176 is divided by 38?
24
What is the remainder when 289 is divided by 59?
53
Calculate the remainder when 46 is divided by 39.
7
Calcu